{"id":88,"date":"2018-10-09T20:56:31","date_gmt":"2018-10-09T18:56:31","guid":{"rendered":"http:\/\/jg-robotics.eu\/WP-JG-Robotics\/?page_id=88"},"modified":"2018-10-10T01:26:39","modified_gmt":"2018-10-09T23:26:39","slug":"ueber-uns","status":"publish","type":"page","link":"http:\/\/jg-robotics.eu\/WP-JG-Robotics\/ueber-uns\/","title":{"rendered":"\u00dcber uns"},"content":{"rendered":"\n<h2 class=\"wp-block-heading\"> <br\/>Wir haben uns entschieden gemeinsam f\u00fcr Sie zu arbeiten. <\/h2>\n\n\n\n<figure class=\"wp-block-pullquote\"><blockquote><p style=\"background-color: transparent;\">Wer sind eigentlich wir?<\/p><cite>Die Firma GR-Service aus B\u00fctgenbach<br\/>und Landwirt Stefan Jansen aus Lammersdorf<\/cite><\/blockquote><\/figure>\n\n\n\n<p>Die Firma <a href=\"http:\/\/www.gr-service.be\">GR-Service\u00a0<\/a>\u00a0ist seit 1987 erfolgreich in der Melktechnik aktiv und vertreibt seit \u00fcber 20 Jahren Melktechnik von <a href=\"https:\/\/boumatic.com\/eu_de\/\">BouMatic<\/a>\u00a0.\u00a0<\/p>\n\n\n\n<p>Der Milchviehbetrieb\u00a0 Jansen wurde 1948 von seinen Gro\u00dfeltern gestartet, danach von seinen Eltern ausgebaut und seit 2007 von Stefan Jansen gef\u00fchrt.<\/p>\n\n\n\n<hr class=\"wp-block-separator is-style-wide\"\/>\n\n\n\n<figure class=\"wp-block-pullquote\"><blockquote><p style=\"background-color: transparent;\">Wieso arbeiten wir zusammen?<\/p><cite>Technik trifft Tier<\/cite><\/blockquote><\/figure>\n\n\n\n<p style=\"text-align:left\">Bei der Melkstandsanierung im Betrieb Jansen haben wir das erste Mal gemeinsam gearbeitet.<\/p>\n\n\n\n<p style=\"text-align:center\"><em>&#8222;Die Firma GR-Service wurde wegen der ausgereiften Technik und des hohen Verst\u00e4ndnis f\u00fcr den Umgang mit Tieren gew\u00e4hlt.&#8220;<\/em> <\/p>\n\n\n\n<p>Im Rahmen der langfristigen Betriebsentwicklung kam selbstverst\u00e4ndlich das Thema Melkroboter auf die Tagesordnung. Also wurden Pospekte gew\u00e4lzt, Messen besucht und Betriebe besichtigt&#8230;<em><\/em><\/p>\n\n\n\n<p style=\"text-align:center\"><em>&#8222;Technisch \u00fcberzeugt haben mit Abstand die Melkroboter von BouMaticRobotics.&#8220;<\/em><\/p>\n\n\n\n<p style=\"text-align:center\" class=\"has-regular-font-size\"><strong>Aber da gab es ein Problem:<\/strong><br\/><strong style=\"background-color: transparent;\">Der n\u00e4chste H\u00e4ndler mit Service ist viel zu weit entfernt.<\/strong><\/p>\n\n\n\n<p>Die Technik funktioniert schon lange in Frankreich, \u00d6sterreich, den Niederlanden usw&#8230; Warum gibt es in der Nordeifel oder in S\u00fcd-Ostbelgien keinen Servicepartner von <em><a href=\"https:\/\/boumatic.com\/eu_de\/robotics\">BouMaticRobotics<\/a><\/em> ?<\/p>\n\n\n\n<hr class=\"wp-block-separator is-style-wide\"\/>\n\n\n\n<figure class=\"wp-block-pullquote\"><blockquote><p>PROBLEM ERKANNT, PROBLEM GEBANNT !!!<\/p><\/blockquote><\/figure>\n\n\n\n<p>Wir \u00fcberlegten, wie wir die Kuh vom Eis holen k\u00f6nnten. Nach der vorangegangenen Zusammenarbeit auf dem Milchviehbetrieb Jansen kennen wir uns gegenseitig und wissen uns zu sch\u00e4tzen .<br\/><em>\u00a0&#8222;Das Technikverst\u00e4ndnis ist f\u00fcr einen Milchviehhalter genau so gro\u00df, wie das Tierverst\u00e4ndnis f\u00fcr einen Techniker.&#8220;\u00a0<\/em> <br\/>Also kamen wir sehr schnell dazu, eine gemeinsame Firma zu gr\u00fcnden, um diesen wei\u00dfen Fleck auf der Milchvieh-Landkarte in der Eifel in blau und orange zu f\u00e4rben.<\/p>\n\n\n\n<hr class=\"wp-block-separator is-style-wide\"\/>\n","protected":false},"excerpt":{"rendered":"<p>Wir haben uns entschieden gemeinsam f\u00fcr Sie zu arbeiten. Wer sind eigentlich wir? Die Firma GR-Service aus B\u00fctgenbachund Landwirt Stefan Jansen aus Lammersdorf Die Firma GR-Service\u00a0\u00a0ist seit 1987 erfolgreich in der Melktechnik aktiv und vertreibt seit \u00fcber 20 Jahren Melktechnik von BouMatic\u00a0.\u00a0 Der Milchviehbetrieb\u00a0 Jansen wurde 1948 von seinen Gro\u00dfeltern gestartet, danach von seinen Eltern [&hellip;]<\/p>\n","protected":false},"author":1,"featured_media":0,"parent":0,"menu_order":0,"comment_status":"closed","ping_status":"closed","template":"","meta":{"footnotes":""},"class_list":["post-88","page","type-page","status-publish","hentry"],"_links":{"self":[{"href":"http:\/\/jg-robotics.eu\/WP-JG-Robotics\/wp-json\/wp\/v2\/pages\/88","targetHints":{"allow":["GET"]}}],"collection":[{"href":"http:\/\/jg-robotics.eu\/WP-JG-Robotics\/wp-json\/wp\/v2\/pages"}],"about":[{"href":"http:\/\/jg-robotics.eu\/WP-JG-Robotics\/wp-json\/wp\/v2\/types\/page"}],"author":[{"embeddable":true,"href":"http:\/\/jg-robotics.eu\/WP-JG-Robotics\/wp-json\/wp\/v2\/users\/1"}],"replies":[{"embeddable":true,"href":"http:\/\/jg-robotics.eu\/WP-JG-Robotics\/wp-json\/wp\/v2\/comments?post=88"}],"version-history":[{"count":4,"href":"http:\/\/jg-robotics.eu\/WP-JG-Robotics\/wp-json\/wp\/v2\/pages\/88\/revisions"}],"predecessor-version":[{"id":114,"href":"http:\/\/jg-robotics.eu\/WP-JG-Robotics\/wp-json\/wp\/v2\/pages\/88\/revisions\/114"}],"wp:attachment":[{"href":"http:\/\/jg-robotics.eu\/WP-JG-Robotics\/wp-json\/wp\/v2\/media?parent=88"}],"curies":[{"name":"wp","href":"https:\/\/api.w.org\/{rel}","templated":true}]}}